404649 a prime number?
True
Is 713856173 composite?
True
Is 12002971 prime?
False
Is 35306849 a composite number?
False
Is 320897851 a prime number?
True
Is 921579657 prime?
False
Is 413393077 a prime number?
True
Is 145701134977 a composite number?
True
Is 196652019893 a prime number?
False
Is 9776499473 a composite number?
True
Is 55096081 prime?
True
Is 263266657 a composite number?
True
Is 4889817613 a prime number?
True
Is 32646407435 a composite number?
True
Is 36994037363 prime?
True
Is 23783269541 prime?
True
Is 559268119 a composite number?
False
Is 2866441811 prime?
True
Is 2152241911 prime?
False
Is 851200841 a composite number?
False
Is 2668953257 prime?
False
Is 22085570651 a prime number?
True
Is 389288843 a prime number?
True
Is 262404006419 a composite number?
False
Is 35634142463 prime?
True
Is 3132435409 composite?
True
Is 84860848201 a prime number?
True
Is 310312523 prime?
True
Is 18018659 composite?
True
Is 4761573203 a prime number?
True
Is 7875875971 a prime number?
True
Is 40246138901 composite?
False
Is 17234421151 a prime number?
True
Is 75671387657 prime?
False
Is 1856540911 prime?
False
Is 78713293 composite?
False
Is 3728094511 prime?
True
Is 3989457707 composite?
False
Is 46331203801 prime?
False
Is 16030283663 composite?
False
Is 4390918655 a prime number?
False
Is 8286502177 composite?
True
Is 1536114709 prime?
False
Is 81884975867 composite?
True
Is 238211821 composite?
False
Is 3539042741 composite?
True
Is 66376667 a prime number?
False
Is 13603623727 a prime number?
False
Is 1122262171 a prime number?
True
Is 3667539263 prime?
False
Is 149895808967 composite?
True
Is 2511843371 prime?
False
Is 315051415387 prime?
True
Is 4533351931 prime?
True
Is 13610730857 composite?
True
Is 167339353459 a composite number?
False
Is 537725359 a prime number?
False
Is 49690345273 a composite number?
True
Is 12417800513 composite?
False
Is 204297131 a composite number?
False
Is 7385817947 composite?
False
Is 767517043 a composite number?
True
Is 1296057611 composite?
True
Is 1763380093 prime?
False
Is 11015708459 composite?
True
Is 235611091 a prime number?
True
Is 47803091177 composite?
True
Is 42064289273 composite?
True
Is 84205735907 a prime number?
True
Is 35199897569 prime?
False
Is 2760749021 a composite number?
False
Is 9639972955 a prime number?
False
Is 4077249227 prime?
True
Is 16784755451 a prime number?
True
Is 48582431 a prime number?
True
Is 3653299733 a prime number?
True
Is 1828036109 composite?
False
Is 549404147 prime?
False
Is 36678896653 a prime number?
False
Is 480949811 prime?
False
Is 1938327763 prime?
True
Is 46711875127 a prime number?
True
Is 567844989 prime?
False
Is 800397487 composite?
True
Is 2434182209 a prime number?
True
Is 234908899 a prime number?
True
Is 147089272547 a composite number?
True
Is 2045614001 a prime number?
True
Is 15051039953 prime?
False
Is 185343834799 a composite number?
False
Is 2036825599 prime?
True
Is 43275007 a prime number?
False
Is 3205896571 prime?
False
Is 19381723 composite?
True
Is 133147061 composite?
True
Is 67796936873 a prime number?
True
Is 373327663 composite?
False
Is 3273468817 prime?
True
Is 9928831837 a prime number?
False
Is 886635319 composite?
False
Is 2594595299 prime?
False
Is 110620559437 composite?
True
Is 11807804707 composite?
True
Is 9545568367 a prime number?
True
Is 2791928413 composite?
False
Is 1852449689 a composite number?
False
Is 129986983433 composite?
True
Is 3990201431 a prime number?
True
Is 27601230619 a composite number?
False
Is 695198447 prime?
False
Is 1229739449 composite?
False
Is 42180721441 a composite number?
False
Is 11218461151 prime?
True
Is 51913096409 a prime number?
True
Is 469631791 composite?
False
Is 4796708149 a composite number?
True
Is 2703488231 a prime number?
False
Is 318752569 a composite number?
True
Is 8170874263 a composite number?
False
Is 8153621543 composite?
False
Is 294915382145 a composite number?
True
Is 1976679919 prime?
True
Is 151405117301 a composite number?
True
Is 20579656151 composite?
True
Is 4464123631 a composite number?
True
Is 566014817 prime?
True
Is 38356691453 a composite number?
False
Is 75963233351 prime?
False
Is 104087939 a prime number?
False
Is 17992780606 a composite number?
True
Is 2721662551 a prime number?
True
Is 3051930433 composite?
True
Is 134274137 a prime number?
True
Is 6532243402 a prime number?
False
Is 5521285691 composite?
False
Is 21505647655 a prime number?
False
Is 2012723969 a composite number?
True
Is 74831911697 a prime number?
True
Is 66967478915 a prime number?
False
Is 44873960821 composite?
False
Is 3416375059 a composite number?
False
Is 14732946499 a composite number?
True
Is 708357913 a composite number?
False
Is 197031227 composite?
False
Is 100363048273 prime?
True
Is 21817168877 a composite number?
True
Is 3901880623 a composite number?
True
Is 56056600993 a prime number?
False
Is 33034714467 a prime number?
False
Is 68164090489 composite?
True
Is 4167446253 composite?
True
Is 1312125749 composite?
True
Is 36284399 a prime number?
True
Is 7692365833 a prime number?
True
Is 1862607997 prime?
True
Is 4484120629 a prime number?
False
Is 3230363931 a prime number?
False
Is 10109476667 composite?
False
Is 1992835211 prime?
True
Is 220957393003 a composite number?
True
Is 18816947999 composite?
False
Is 46376486729 a composite number?
True
Is 148418279 prime?
False
Is 7373153023 prime?
True
Is 2264189633 prime?
True
Is 11381500981 a prime number?
True
Is 1355065487 composite?
False
Is 14857054727 prime?
False
Is 510288629 composite?
True
Is 86357597 a composite number?
False
Is 266535036533 a prime number?
True
Is 1472331743 composite?
True
Is 98174939 prime?
True
Is 578077091 a composite number?
False
Is 4437226823 a prime number?
False
Is 8980145611 a composite number?
False
Is 33231849377 a composite number?
False
Is 1721993789 a composite number?
False
Is 1016323219 composite?
True
Is 875944109 composite?
True
Is 158301953 a prime number?
True
Is 110259761 prime?
True
Is 2384452691 a composite number?
True
Is 2630955227 composite?
False
Is 372885467 a composite number?
True
Is 1575992237 composite?
False
Is 269987761 a prime number?
False
Is 763817941 a prime number?
False
Is 8352971527 composite?
True
Is 53644543423 prime?
False
Is 15193401551 a prime number?
False
Is 12398406617 prime?
False
Is 11814377381 composite?
True
Is 35401271203 a composite number?
True
Is 23017944611 a prime number?
False
Is 73423301119 prime?
False
Is 6871775821 composite?
False
Is 8031580831 composite?
False
Is 14759668439 a composite number?
True
Is 1477179349 composite?
True
Is 4251991603 a composite number?
True
Is 1572534919 prime?
True
Is 365392463 composite?
False
Is 37117807213 composite?
True
Is 1260735881 composite?
False
Is 1049862919 a prime number?
False
Is 1707129685 a composite number?
True
Is 628508519 composite?
False
Is 151286816159 a prime number?
True
Is 177315553 prime?
False
Is 1495451171 a prime number?
True
Is 3084419337 composite?
True
Is 12557057407 a prime number?
False
Is 1624564807 a composite number?
True
Is 1103885513 composite?
False
Is 1349181637 composite?
True
Is 40522635919 prime?
True
Is 64181201341 a composite number?
False
Is 9150293869 a prime number?
False
Is 14748165329 a composite number?
True
Is 1985676239 prime?
False
Is 724554953 a prime number?
True
Is 984828899 composite?
False
Is 933982807 composite?
True
Is 244724257 composite?
False
Is 24024378307 a prime number?
True
Is 391362371 a prime number?
False
Is 3652182623 composite?
False
Is 2996801741 a prime number?
True
Is 35616296411 composite?
False
Is 22615981027 a composite number?
False
Is 11158382759 a prime number?
True
Is 481319263 prime?
True
Is 18096633889 prime?
True
Is 139459461 a composite number?
True
Is 204706681469 composite?
False
Is 3721824461 composite?
False
Is 7098044917 composite?
False
Is 4005409669 prime?
False
Is 932120441 a composite number?
True
Is 40166415173 composite?
False
Is 1251069749 composite?
False
Is 15333240133 prime?
False
Is 1186770769 a prime number?
False
Is 329946151 a composite number?
False
Is 2813452693 prime?
True
Is 13579998589 a prime number?
False
Is 30983830469 a composite number?
True
Is 38612843 a composite numb